 z(f) = 19*f**2 - 8*f + 10. What are the prime factors of z(2)?
2, 5, 7
Suppose 0 = 3*q - q - 78. What are the prime factors of q?
3, 13
List the prime factors of (4 - 0 - -41) + 2.
47
Let k = -12 + 9. Let v = k + 18. List the prime factors of v.
3, 5
Let m be (6 - 1)*(-1 + 6). Let n be (-2 - 0) + m + 1. Suppose -n + 6 = -2*d. List the prime factors of d.
3
Suppose 0 = -3*x + 3. What are the prime factors of (-2)/4*(-17 + x)?
2
Let g = 3 - 3. Let q = g - -10. What are the prime factors of q?
2, 5
Let s = 2 - -5. Let y(v) = v**3 - 7*v**2 + 2*v - 5. Let n be y(s). Suppose 3*i = 4*i - n. List the prime factors of i.
3
Let l be (3/2)/((-11)/(-154)). Suppose -4*d + 27 = -l. List the prime factors of d.
2, 3
Suppose 2*u - 10 - 90 = -5*z, 3*u = -5*z + 145. Suppose t - u = -2*t. Suppose -2*i + 7 + t = 0. List the prime factors of i.
11
Let h(y) = y + 5. Let s be h(-5). Let m(r) = s + 5*r**3 - 4*r**3 - 5*r**2 + 4. What are the prime factors of m(5)?
2
Suppose p - 2*n - 40 = 0, p + 0*n - 45 = n. What are the prime factors of p?
2, 5
Suppose l = 5*n - 0*l - 295, 0 = -3*n - 3*l + 177. What are the prime factors of n?
59
Let p(k) = -k**3 - 4*k**2 + k + 3. List the prime factors of p(-8).
251
Suppose 16 = 6*r - 5*r. Let q = -1 + r. List the prime factors of q.
3, 5
Let m(x) = x + 3 + 2*x - 6*x. Let y be m(4). What are the prime factors of y/(-3 + 2) - 1?
2
Suppose -5*m - 24 = -3*d - m, -3*d = 5*m + 3. Let r be 20/8 - 2/d. Suppose -4*h + 2*q = -48, r*q + 3*q + 32 = 2*h. What are the prime factors of h?
11
Let f(l) = -l. Let z be f(-4). Let w(b) = -4*b. Let q(h) = -h. Let r(j) = z*w(j) - 18*q(j). What are the prime factors of r(3)?
2, 3
Let m(i) = 2*i. Let p be m(2). Suppose -3*l + j - 13 = 0, l - 12 = 3*j - 3. What are the prime factors of ((-6)/p)/(l/40)?
2, 5
What are the prime factors of 2 + ((-20)/5 - -66)?
2
Let y = 1 - -3. Suppose -2*v = 2*v - y. List the prime factors of 1*v/(-2)*-4.
2
Let p = -9 - -11. Suppose v - 3*v = -q + 37, v = -p. What are the prime factors of q?
3, 11
Let v be (-508)/14 - 4/(-14). Let h = -8 - v. Suppose -5*s + 3*d - 5 = -h, 2*s = -2*d + 22. List the prime factors of s.
7
Let c(g) = g**2 + 5*g + 7. List the prime factors of c(-7).
3, 7
Let m(f) = 62*f**3 - f**2 + 3*f - 2. What are the prime factors of m(1)?
2, 31
Let m(r) = r**3 - 8*r**2 - 52*r + 2. List the prime factors of m(13).
3, 19
Let y(j) = -2*j**2 + 4*j - 7. Let q be y(5). Let i = q + 64. Let m = i - 14. List the prime factors of m.
13
Suppose 0 = 3*c - 0*c - 39. Suppose c = -2*s + 85. List the prime factors of s.
2, 3
Suppose -z = -2*j + 18, j - 156 + 39 = 5*z. Let h be z/(-11) + 4/(-22). Suppose -f - 4 = -h*f. What are the prime factors of f?
2
Let i be (-35)/(-2) + 2/(-4). Let p = i - 10. What are the prime factors of p?
7
Let r = -16 + 19. List the prime factors of -14*-2*r/6.
2, 7
Let z(m) = 3*m + 3. List the prime factors of z(7).
2, 3
Let b(d) = -d**2 - 5*d + 163. List the prime factors of b(0).
163
Let g(o) = -o**3 - 2*o**2 - 2*o - 1. Let q be g(-2). Suppose -4*n + q*n + 22 = 0. Suppose 2*a - n = -3*r, -2 = r - 2*r + 2*a. List the prime factors of r.
2, 3
Suppose 0 = 5*o - 2*z - 2*z + 20, 0 = z - 5. Suppose c + o*c = -2. What are the prime factors of ((-22)/(-6))/(c/(-6))?
11
What are the prime factors of (-427)/(-2) - (-3)/2?
5, 43
Let w(s) = -s**3 - 5*s**2 - 5*s - 3. Let v be w(-4). Let m(i) = 0 + v - 3*i - 3. List the prime factors of m(-4).
2, 5
Suppose -5*s = -137 - 38. Let i = -14 + s. What are the prime factors of i?
3, 7
What are the prime factors of 3/(2*4/72)?
3
Let s = 332 - 221. What are the prime factors of s?
3, 37
Suppose -5*y + 2*y = -6. Suppose 3*f = -y*v + 3 + 23, 0 = 4*v + 2*f - 60. List the prime factors of v.
2
Let y be 3/(-4)*(-11 + 7). What are the prime factors of -5 + y - -2 - -33?
3, 11
Let m be 6/(-9) - 2/6. Let l = m + 0. List the prime factors of (5 + 0 + l)*3.
2, 3
Let q(f) = -f + 6. Suppose -4*z - z - 41 = 2*y, 0 = z - 5*y - 8. What are the prime factors of q(z)?
13
Suppose 8 = 2*a - 4*o, 5*o + 10 = -2*a - 0*o. Suppose j + 4*j - 2*z - 28 = a, -j + 8 = 2*z. List the prime factors of j.
2, 3
Let k be 3*((-141)/(-9) - 0). Suppose 3*x - k = 2*a - 3*a, 0 = 2*x + 4*a - 28. Suppose -4*v = -i - x - 16, 0 = 3*v + 4*i - 24. List the prime factors of v.
2
Suppose -3*q = 5*t + 2*q - 1185, 5*t - 5*q = 1175. List the prime factors of t.
2, 59
Let c = 10 - 6. Let v(u) = 3 - c*u + 3*u - 1. List the prime factors of v(-5).
7
Suppose -2*f - 25 = -3*f. List the prime factors of f.
5
Let h = -14 - -8. Let p be 28/h + 2/(-6). What are the prime factors of ((-2)/(-5))/(p/(-25))?
2
Let m(y) = -10*y + 1. Suppose w = 5*s - 21, 2 = -2*s - 4*w + 28. Suppose -s*h - 8 = -h. List the prime factors of m(h).
3, 7
Suppose -3*v = 2*g - 200, -g + 78 = v - 6*g. List the prime factors of v.
2, 17
Let s(j) = 21*j**2. What are the prime factors of s(-2)?
2, 3, 7
Suppose 3 = -4*o - 1. Let y be 1*-2 - o - -14. Let f = -9 + y. List the prime factors of f.
2
Suppose -5*p = -15 + 85. Let l = -7 + 2. Let x = l - p. What are the prime factors of x?
3
Let z(f) = 20*f - 9. What are the prime factors of z(2)?
31
Let k(x) = -x**3 - 4*x**2 + 8*x - 2. What are the prime factors of k(-6)?
2, 11
Suppose -5*h - 100 - 10 = 0. Let g = -13 - h. List the prime factors of g.
3
Let q = -1 - -1. Suppose -v - v = -90. Suppose -3*i + v = -q*i. What are the prime factors of i?
3, 5
Suppose -a - 27 = -4*x - x, 0 = -x - 4*a - 3. Let y be (-2)/10 - (-306)/5. Suppose x*g - y + 6 = 0. List the prime factors of g.
11
Suppose 0 = -2*z + 33 - 3. What are the prime factors of (-6)/5*z/(-2)?
3
List the prime factors of 2*124/8 + -2.
29
Suppose 3*t + 8 = 50. Let c = -1 + t. What are the prime factors of c?
13
List the prime factors of (-1)/(-3) - (485/(-3) + -1).
163
Let v(g) = g + 6. Suppose 45 = -4*p - p + 4*t, 0 = -3*p - 3*t. Let r be v(p). Let y(k) = 3*k + 1. List the prime factors of y(r).
2
Let b = 555 + -268. List the prime factors of b.
7, 41
Suppose -3*r + 57 = -3*c, r + c + 0*c - 21 = 0. List the prime factors of r.
2, 5
Suppose -4*f + 22 = -258. What are the prime factors of f?
2, 5, 7
Let r(k) = -k**3 - 4*k**2 + 6*k - 2. Let f be r(-5). Let n(g) = g**3 + 6*g**2 - 8*g - 10. Let c be n(f). Let q = 4 - c. List the prime factors of q.
7
Suppose 0 = i + g - 84, -5*g + 246 = 3*i - 0*g. What are the prime factors of i?
3, 29
Suppose -2*y - b = -158, 4*y - 392 = b - 88. List the prime factors of y.
7, 11
Suppose 0 = -3*a + 8*a - 175. What are the prime factors of a?
5, 7
Let n = 7 - -14. List the prime factors of n.
3, 7
Let k(l) = l**2 + 6*l + 5. Let y be k(-5). Suppose -w + 7 - 3 = y. List the prime factors of w.
2
Let b(a) = -2*a. Let f be b(-1). Suppose 2*m - 10 - 2 = -4*g, -g + 5 = m. List the prime factors of (g - -1)*(f - 1).
2
Let c(d) = -d**3 + 12*d**2 - 10*d + 3. List the prime factors of c(11).
2, 7
Suppose 10 = -3*s - 11. What are the prime factors of ((-13)/4)/(s/84)?
3, 13
Let u(v) = 3*v + 2*v**2 + 0 - 4 - 6*v + 4*v. What are the prime factors of u(-3)?
11
Let x be 1*5 - (-1 - -1). Suppose 5*b + 26 = v, 3*b = 2*b - x*v. Let o(z) = z**3 + 4*z**2 - 7*z + 2. List the prime factors of o(b).
2, 3
Suppose -2*z = -8, -j + 7 = z - 1. Suppose -3*v + 14 = 2*r, -j*r + 2*v = 2 - 14. Suppose -r*l + 4 + 2 = s, 4*s - 4*l = 44. What are the prime factors of s?
2, 5
Suppose 6*c = 3*c + 12. Suppose 4*d - c = 4. List the prime factors of d.
2
Let l = -6 + 6. Suppose l*v = 3*v - 6. List the prime factors of v.
2
Suppose 4*i - 24 = y, -i = 2*i - 15. List the prime factors of (-11)/y - 2/(-8).
3
Let g = -119 + 8. Let s = -61 - g. List the prime factors of s.
2, 5
Suppose -1 = -4*x + 7. What are the prime factors of 1/x - 76/(-8)?
2, 5
Let k(g) = -g. Let z(q) = q**3 + 8*q**2 + 6*q + 10. Let m(j) = 5*k(j) + z(j). Let t(l) = -l**2 + 5*l + 6. Let b be t(7). What are the prime factors of m(b)?
2
Let a be (-134)/2 - (4 - 8). List the prime factors of (a/(-2))/(15/20).
2, 3, 7
Suppose 25 = -3*g + 106. What are the prime factors of g?
3
List the prime factors of (-28)/(-3)*(-12)/(-8).
2, 7
Suppose -4*n + 3*d = 1 - 26, -5*n - 2*d + 37 = 0. Suppose 0 = -4*o - 55 + n. What are the prime factors of (9/o - 2)*-4?
11
Suppose -4*j - 3*g = -0*j + 42, j - 2*g = -16. Let w = 28 + j. Suppose -2*b + 0*b = -8, -y + 5*b - w 